{"id":2048,"date":"2024-02-17T10:01:02","date_gmt":"2024-02-17T10:01:02","guid":{"rendered":"https:\/\/www.movsarturizm.com\/?page_id=2048"},"modified":"2024-02-17T10:01:02","modified_gmt":"2024-02-17T10:01:02","slug":"kibris-turlari","status":"publish","type":"page","link":"https:\/\/www.movsarturizm.com\/index.php\/kibris-turlari\/","title":{"rendered":"K\u0131br\u0131s Turlar\u0131"},"content":{"rendered":"","protected":false},"excerpt":{"rendered":"","protected":false},"author":1,"featured_media":0,"parent":0,"menu_order":0,"comment_status":"closed","ping_status":"closed","template":"","meta":{"footnotes":""},"_links":{"self":[{"href":"https:\/\/www.movsarturizm.com\/index.php\/wp-json\/wp\/v2\/pages\/2048"}],"collection":[{"href":"https:\/\/www.movsarturizm.com\/index.php\/wp-json\/wp\/v2\/pages"}],"about":[{"href":"https:\/\/www.movsarturizm.com\/index.php\/wp-json\/wp\/v2\/types\/page"}],"author":[{"embeddable":true,"href":"https:\/\/www.movsarturizm.com\/index.php\/wp-json\/wp\/v2\/users\/1"}],"replies":[{"embeddable":true,"href":"https:\/\/www.movsarturizm.com\/index.php\/wp-json\/wp\/v2\/comments?post=2048"}],"version-history":[{"count":1,"href":"https:\/\/www.movsarturizm.com\/index.php\/wp-json\/wp\/v2\/pages\/2048\/revisions"}],"predecessor-version":[{"id":2049,"href":"https:\/\/www.movsarturizm.com\/index.php\/wp-json\/wp\/v2\/pages\/2048\/revisions\/2049"}],"wp:attachment":[{"href":"https:\/\/www.movsarturizm.com\/index.php\/wp-json\/wp\/v2\/media?parent=2048"}],"curies":[{"name":"wp","href":"https:\/\/api.w.org\/{rel}","templated":true}]}}